e prime factors of 444251171?
7, 13, 4881881
List the prime factors of 53923847.
17, 29, 109379
List the prime factors of 30661882.
2, 15330941
What are the prime factors of 14514764?
2, 11, 107, 3083
List the prime factors of 146660806.
2, 251, 463, 631
List the prime factors of 232212842.
2, 1303, 89107
List the prime factors of 1217201861.
1217201861
List the prime factors of 5581437069.
3, 13, 317, 661, 683
List the prime factors of 3120124507.
24443, 127649
What are the prime factors of 110445005?
5, 11, 17, 19, 6217
List the prime factors of 2151400214.
2, 751, 1432357
What are the prime factors of 368083981?
557, 660833
List the prime factors of 56213505.
3, 5, 653, 1913
List the prime factors of 69093595.
5, 19, 101, 379
What are the prime factors of 4436733472?
2, 19, 617, 11827
List the prime factors of 107526575.
5, 13, 373, 887
What are the prime factors of 165407764?
2, 29, 1425929
List the prime factors of 48197843.
48197843
List the prime factors of 1031162617.
1109, 929813
List the prime factors of 517250441.
4177, 123833
What are the prime factors of 1095638279?
509, 947, 2273
List the prime factors of 150127731.
3, 13, 17, 75479
List the prime factors of 1882845251.
7, 17, 23, 687923
What are the prime factors of 526770253?
43, 12250471
What are the prime factors of 560201842?
2, 280100921
What are the prime factors of 84500065?
5, 13, 67, 19403
List the prime factors of 181654246.
2, 1427, 63649
List the prime factors of 317138438.
2, 1487, 106637
List the prime factors of 4219344685.
5, 43, 61, 433, 743
List the prime factors of 32086803.
3, 7, 17, 311
What are the prime factors of 4082266298?
2, 11, 16868869
What are the prime factors of 2851060812?
2, 3, 2267, 104803
What are the prime factors of 200170819?
9377, 21347
What are the prime factors of 16930249?
7, 17, 142271
What are the prime factors of 37690737?
3, 7, 19, 94463
List the prime factors of 234945367.
433, 542599
What are the prime factors of 261418144?
2, 13, 59, 10651
List the prime factors of 165282541.
59, 967, 2897
List the prime factors of 1066960409.
17, 19, 23, 7559
List the prime factors of 9038079.
3, 113, 8887
What are the prime factors of 160618290?
2, 3, 5, 7, 764849
List the prime factors of 150240381.
3, 167, 299881
What are the prime factors of 122183210?
2, 5, 43, 67, 4241
List the prime factors of 1200907490.
2, 5, 71, 1691419
What are the prime factors of 3219036723?
3, 7, 109, 167, 401
What are the prime factors of 77040940?
2, 5, 17, 347, 653
List the prime factors of 17816690.
2, 5, 1781669
What are the prime factors of 18961744?
2, 1185109
List the prime factors of 126634268.
2, 73, 433679
List the prime factors of 68419005.
3, 5, 4561267
List the prime factors of 133085363.
4421, 30103
List the prime factors of 896482190.
2, 5, 89648219
List the prime factors of 65194213.
7, 23, 307, 1319
List the prime factors of 455994889.
7, 19, 113, 30341
List the prime factors of 618093061.
211, 2929351
List the prime factors of 21458638.
2, 19, 564701
What are the prime factors of 39147090?
2, 3, 5, 17, 59, 1301
List the prime factors of 291133572.
2, 3, 24261131
What are the prime factors of 11687860?
2, 5, 584393
List the prime factors of 39014944.
2, 41, 131, 227
List the prime factors of 1993349707.
433, 4603579
List the prime factors of 78836574.
2, 3, 13139429
List the prime factors of 409186673.
7, 113, 517303
List the prime factors of 103574480.
2, 5, 457, 2833
What are the prime factors of 577500182?
2, 7, 179, 4703
List the prime factors of 92744884.
2, 67, 401, 863
What are the prime factors of 1200060161?
25633, 46817
List the prime factors of 295776656.
2, 7, 2640863
List the prime factors of 572461739.
47, 193, 223, 283
List the prime factors of 2709662148.
2, 3, 149, 505157
What are the prime factors of 361312680?
2, 3, 5, 3010939
List the prime factors of 159076397.
29, 5485393
List the prime factors of 2673928353.
3, 449, 953, 2083
List the prime factors of 482400577.
482400577
What are the prime factors of 260560812?
2, 3, 409, 53089
What are the prime factors of 264924797?
264924797
What are the prime factors of 3323979920?
2, 5, 1277, 32537
What are the prime factors of 5830975360?
2, 5, 7, 19, 61, 1123
List the prime factors of 1255442888.
2, 7, 22418623
List the prime factors of 44698693.
13, 557, 6173
List the prime factors of 1458227479.
17, 85778087
List the prime factors of 1400370907.
13, 653, 164963
List the prime factors of 3001221445.
5, 31, 859, 22541
List the prime factors of 3805519352.
2, 59, 8062541
What are the prime factors of 370072785?
3, 5, 19, 281, 4621
What are the prime factors of 170992646?
2, 11, 7772393
List the prime factors of 336503774.
2, 8597, 19571
What are the prime factors of 30292089?
3, 10097363
What are the prime factors of 2267304296?
2, 283413037
What are the prime factors of 317501112?
2, 3, 17, 241, 3229
List the prime factors of 362875968.
2, 3, 7, 13, 23, 43
List the prime factors of 561035857.
19, 3307, 8929
What are the prime factors of 1222575616?
2, 2387843
What are the prime factors of 51317217?
3, 7, 814559
What are the prime factors of 5537697538?
2, 17, 521, 312617
What are the prime factors of 291787734?
2, 3, 7, 29, 41, 5843
List the prime factors of 350341946.
2, 127, 131, 10529
What are the prime factors of 1050713018?
2, 525356509
What are the prime factors of 68554061?
3557, 19273
List the prime factors of 46228945.
5, 7, 677, 1951
List the prime factors of 142198203.
3, 7, 101, 67043
List the prime factors of 21523685.
5, 73, 109, 541
List the prime factors of 164096251.
11, 14917841
List the prime factors of 2602917304.
2, 13, 67, 373553
List the prime factors of 203342841.
3, 13, 811, 2143
List the prime factors of 510474162.
2, 3, 11, 7734457
List the prime factors of 2736736976.
2, 17, 809, 12437
List the prime factors of 71187241.
71187241
List the prime factors of 163513658.
2, 7, 11, 19, 29, 41, 47
What are the prime factors of 17083349?
29, 97, 6073
What are the prime factors of 538117186?
2, 157, 1713749
List the prime factors of 406206584.
2, 7, 401, 18089
What are the prime factors of 107448620?
2, 5, 599, 8969
List the prime factors of 734486231.
97, 1381, 5483
List the prime factors of 32081606.
2, 16040803
List the prime factors of 100650513.
3, 107, 313553
What are the prime factors of 167344532?
2, 17, 53, 59, 787
What are the prime factors of 1243404722?
2, 7, 88814623
List the prime factors of 438777070.
2, 5, 19, 2309353
List the prime factors of 179739402.
2, 3, 17, 281, 6271
List the prime factors of 263709898.
2, 131854949
List the prime factors of 1766058145.
5, 97, 3641357
What are the prime factors of 3146194282?
2, 7, 11, 29, 704477
List the prime factors of 1467837997.
2879, 509843
What are the prime factors of 232715085?
3, 5, 15514339
List the prime factors of 1147564065.
3, 5, 37, 1217, 1699
What are the prime factors of 48026662?
2, 41, 585691
List the prime factors of 1097282351.
11, 47, 71, 167, 179
List the prime factors of 615708484.
2, 31, 4965391
List the prime factors of 15787753.
15787753
List the prime factors of 65541292.
2, 461, 35543
What are the prime factors of 146562421?
3833, 38237
What are the prime factors of 35462541?
3, 11820847
What are the prime factors of 500020209?
3, 13, 127, 3739
List the prime factors of 573345149.
13, 53, 832141
What are the prime factors of 158476065?
3, 5, 11, 59, 73, 223
What are the prime factors of 9697338?
2, 3, 7, 76963
What are the prime factors of 27058625?
5, 11, 1789
List the prime factors of 39846218.
2, 227, 87767
What are the prime factors of 1274095206?
2, 3, 59, 509, 2357
List the prime factors of 7716229218.
2, 3, 5861, 73141
List the prime factors of 2058776445.
3, 5, 11, 19, 656707
What are the prime factors of 498490889?
13, 29, 1322257
What are the prime factors of 1008510040?
2, 5, 17, 1483103
What are the prime factors of 1558514941?
101, 151, 102191
What are the prime factors of 504347081?
7, 229, 314627
What are the prime factors of 4218151060?
2, 5, 293, 719821
What are the prime factors of 339424967?
7, 601, 80681
List the prime factors of 117152436.
2, 3, 9762703
List the prime factors of 2355749460.
2, 3, 5, 29, 150431
What are the prime factors of 419186925?
3, 